Calculate the remainder when 321947 is divided by 235.
232
What is the remainder when 29506139 is divided by 5509?
5444
What is the remainder when 26208375 is divided by 871?
856
Calculate the remainder when 621537 is divided by 289.
187
Calculate the remainder when 129352805 is divided by 66.
65
Calculate the remainder when 124535623 is divided by 116.
111
Calculate the remainder when 926968 is divided by 231739.
12
Calculate the remainder when 195932681 is divided by 12771.
12770
What is the remainder when 1385041 is divided by 54?
49
What is the remainder when 9334322 is divided by 5005?
5002
What is the remainder when 1070425 is divided by 535186?
53
Calculate the remainder when 318360 is divided by 422.
172
Calculate the remainder when 9078463 is divided by 1296912.
79
What is the remainder when 50657302 is divided by 12?
10
Calculate the remainder when 654691 is divided by 134.
101
Calculate the remainder when 11049436 is divided by 1139.
1136
Calculate the remainder when 17090839 is divided by 17194.
3
Calculate the remainder when 159854487 is divided by 53284821.
24
Calculate the remainder when 255263 is divided by 165.
8
What is the remainder when 9577062 is divided by 5160?
102
Calculate the remainder when 7362640 is divided by 21.
19
Calculate the remainder when 62011326 is divided by 289.
18
What is the remainder when 4849513 is divided by 1752?
1729
Calculate the remainder when 2323963 is divided by 159.
19
What is the remainder when 589955 is divided by 2408?
2403
Calculate the remainder when 261224 is divided by 824.
16
What is the remainder when 1070159 is divided by 194?
55
What is the remainder when 684007 is divided by 1346?
239
Calculate the remainder when 286684 is divided by 17908.
156
Calculate the remainder when 1746517 is divided by 2860.
1917
Calculate the remainder when 191290 is divided by 5072.
3626
What is the remainder when 671675 is divided by 319?
180
What is the remainder when 6604948 is divided by 6604948?
0
Calculate the remainder when 393493513 is divided by 86.
83
What is the remainder when 94615562 is divided by 258?
254
Calculate the remainder when 2102609 is divided by 1907.
1095
What is the remainder when 134677 is divided by 10354?
75
What is the remainder when 93873067 is divided by 1031572?
15
What is the remainder when 1472048 is divided by 868?
788
What is the remainder when 116451053 is divided by 181?
178
What is the remainder when 9476074 is divided by 9476056?
18
What is the remainder when 38166 is divided by 123?
36
Calculate the remainder when 22399 is divided by 2679.
967
Calculate the remainder when 210783 is divided by 143.
1
Calculate the remainder when 4905587 is divided by 278.
277
Calculate the remainder when 224212 is divided by 116.
100
What is the remainder when 60274 is divided by 2843?
571
What is the remainder when 1747387 is divided by 43681?
147
What is the remainder when 22335677 is divided by 28820?
177
Calculate the remainder when 12516 is divided by 2844.
1140
Calculate the remainder when 1923756 is divided by 4164.
4152
What is the remainder when 43750 is divided by 892?
42
What is the remainder when 49228 is divided by 181?
177
Calculate the remainder when 977911 is divided by 1948.
15
Calculate the remainder when 580344 is divided by 204.
168
Calculate the remainder when 19662142 is divided by 6554003.
133
What is the remainder when 83025 is divided by 444?
441
Calculate the remainder when 16222 is divided by 352.
30
What is the remainder when 198890396 is divided by 790?
786
Calculate the remainder when 666625 is divided by 1267.
183
Calculate the remainder when 7425890 is divided by 7425861.
29
What is the remainder when 384269 is divided by 14209?
626
What is the remainder when 474671 is divided by 24982?
13
What is the remainder when 71893 is divided by 23962?
7
Calculate the remainder when 1592051 is divided by 140.
111
What is the remainder when 1065169 is divided by 3026?
17
What is the remainder when 18396850 is divided by 7?
3
Calculate the remainder when 3076820 is divided by 5094.
44
What is the remainder when 522792 is divided by 2125?
42
Calculate the remainder when 2324099 is divided by 178771.
76
Calculate the remainder when 13793421 is divided by 21825.
21
What is the remainder when 13359979 is divided by 20?
19
Calculate the remainder when 4099528 is divided by 2049679.
170
What is the remainder when 472891 is divided by 11810?
491
Calculate the remainder when 42232798 is divided by 128.
94
What is the remainder when 9560539 is divided by 168?
163
What is the remainder when 9938948 is divided by 283?
271
What is the remainder when 1752019 is divided by 275?
269
What is the remainder when 87034344 is divided by 153?
141
What is the remainder when 1076062 is divided by 107?
70
Calculate the remainder when 31422 is divided by 2821.
391
What is the remainder when 1049476 is divided by 15209?
55
Calculate the remainder when 4409056 is divided by 72.
64
Calculate the remainder when 256702 is divided by 1873.
101
Calculate the remainder when 442454 is divided by 82.
64
What is the remainder when 4302681 is divided by 215133?
21
Calculate the remainder when 6091 is divided by 1121.
486
Calculate the remainder when 5586838 is divided by 778.
20
Calculate the remainder when 1308931 is divided by 10.
1
Calculate the remainder when 3846331 is divided by 1281994.
349
Calculate the remainder when 3204236 is divided by 1040.
1036
What is the remainder when 808691 is divided by 7092?
203
What is the remainder when 2103924 is divided by 1279?
1248
What is the remainder when 344862 is divided by 49217?
343
Calculate the remainder when 51099462 is divided by 42.
36
Calculate the remainder when 6495913 is divided by 2949.
2215
What is the remainder when 1145211 is divided by 150?
111
Calculate the remainder when 2685286 is divided by 2685274.
12
What is the remainder when 259918696 is divided by 22?
4
What is the remainder when 352151567 is divided by 3583?
3578
What is the remainder when 90332 is divided by 96?
92
What is the remainder when 105546915 is divided by 50?
15
Calculate the remainder when 38874620 is divided by 19437290.
40
What is the remainder when 18520206 is divided by 26?
16
Calculate the remainder when 33242 is divided by 1041.
971
What is the remainder when 2110577 is divided by 31498?
211
Calculate the remainder when 52553 is divided by 8715.
263
Calculate the remainder when 2537085 is divided by 362406.
243
Calculate the remainder when 1916987 is divided by 119.
16
Calculate the remainder when 13810 is divided by 1345.
360
What is the remainder when 211046 is divided by 70119?
689
Calculate the remainder when 2126721 is divided by 1159.
1115
Calculate the remainder when 1151056 is divided by 320.
16
What is the remainder when 3740103 is divided by 650?
3
Calculate the remainder when 2535969 is divided by 16361.
14
Calculate the remainder when 2127587 is divided by 7093.
6780
Calculate the remainder when 4417919 is divided by 1513.
1472
What is the remainder when 393624 is divided by 4617?
1179
What is the remainder when 270274 is divided by 270055?
219
Calculate the remainder when 265369 is divided by 66325.
69
What is the remainder when 6715631 is divided by 79?
78
What is the remainder when 1234732 is divided by 73?
10
Calculate the remainder when 14171 is divided by 13919.
252
Calculate the remainder when 824746 is divided by 34326.
922
What is the remainder when 1057160 is divided by 352377?
29
Calculate the remainder when 10211190 is divided by 15038.
388
Calculate the remainder when 74677 is divided by 1280.
437
What is the remainder when 5168076 is divided by 9696?
108
What is the remainder when 5540347 is divided by 558?
523
What is the remainder when 55605357 is divided by 228?
33
What is the remainder when 12057585 is divided by 268?
265
Calculate the remainder when 236445 is divided by 2924.
2525
Calculate the remainder when 2605438 is divided by 1728.
1342
Calculate the remainder when 95765753 is divided by 270.
263
What is the remainder when 93619 is divided by 1028?
71
What is the remainder when 40349555 is divided by 212366?
15
What is the remainder when 497153777 is divided by 17?
14
What is the remainder when 1004902 is divided by